17 (base 12) in base 16?
13
Convert a546 (base 15) to base 12.
18279
Convert -4 (base 11) to base 10.
-4
Convert -1100010100101000 (base 2) to base 4.
-30110220
What is -7557 (base 10) in base 5?
-220212
Convert -61b4 (base 12) to base 16.
-2998
Convert -232c (base 15) to base 5.
-214332
10101010110000 (base 2) to base 3
112222202
What is -7111 (base 10) in base 9?
-10671
Convert -1644 (base 8) to base 14.
-4a8
What is 2128 (base 12) in base 13?
1865
-54 (base 13) to base 4
-1011
What is 456 (base 7) in base 10?
237
What is 402 (base 13) in base 11?
567
What is -205 (base 7) in base 13?
-7c
Convert -2212220 (base 3) to base 4.
-200313
Convert 8630 (base 14) to base 16.
5a82
What is -56510 (base 7) in base 6?
-150135
Convert 1417c (base 14) to base 11.
34380
What is 20010012 (base 3) in base 13?
2051
-1952 (base 14) to base 2
-1000111100100
What is -3006 (base 7) in base 16?
-40b
Convert 41200 (base 5) to base 13.
12aa
What is 1404441 (base 5) in base 11?
1a663
Convert -1555 (base 9) to base 13.
-701
What is 3047 (base 9) in base 10?
2230
-38 (base 16) to base 4
-320
Convert 4171 (base 12) to base 10.
7141
What is -3415 (base 10) in base 2?
-110101010111
Convert -1269 (base 10) to base 5.
-20034
What is -736 (base 8) in base 10?
-478
Convert -1102211 (base 3) to base 7.
-3025
Convert -2164a (base 11) to base 14.
-b625
What is -e60 (base 15) in base 6?
-23000
691 (base 15) to base 9
2031
-21323 (base 5) to base 10
-1463
What is 330533 (base 6) in base 16?
6b19
What is 10101000011 (base 2) in base 6?
10123
Convert 162 (base 10) to base 5.
1122
Convert -102013112 (base 4) to base 13.
-27a07
-4484 (base 13) to base 6
-112152
Convert -8a (base 11) to base 12.
-82
Convert 1018 (base 10) to base 13.
604
What is -606 (base 13) in base 6?
-4420
What is -58764 (base 10) in base 9?
-88543
What is -144a (base 16) in base 12?
-300a
What is -533 (base 10) in base 5?
-4113
What is -665 (base 7) in base 14?
-1a5
Convert 272 (base 16) to base 6.
2522
-20425 (base 7) to base 9
-6784
Convert -c47 (base 15) to base 16.
-acf
-103350 (base 7) to base 6
-215230
Convert 58b (base 12) to base 11.
692
What is -1101101001011 (base 2) in base 15?
-210c
What is 4116 (base 13) in base 7?
35112
Convert 40421 (base 7) to base 12.
581b
-101102 (base 5) to base 6
-23101
203100 (base 4) to base 5
33011
Convert -1a222 (base 11) to base 9.
-42632
Convert -102111120 (base 3) to base 16.
-20c1
488 (base 11) to base 3
210111
Convert 12220212 (base 3) to base 13.
1c70
17217 (base 12) to base 7
165421
-24770 (base 9) to base 16
-411c
What is -6917 (base 10) in base 13?
-31c1
What is -313 (base 13) in base 16?
-20b
Convert 10000011010101 (base 2) to base 5.
232110
-61c (base 13) to base 9
-1374
What is -1122213 (base 4) in base 10?
-5799
What is -102111211 (base 3) in base 6?
-102504
Convert 1604 (base 9) to base 8.
2303
Convert -1077 (base 9) to base 2.
-1100011111
What is 1101011100 (base 2) in base 7?
2336
Convert 40343 (base 5) to base 3.
10120020
What is -15433 (base 8) in base 13?
-320a
What is 10694 (base 10) in base 5?
320234
Convert -77 (base 15) to base 7.
-220
Convert 11562 (base 9) to base 10.
7751
-1411 (base 6) to base 9
-447
-1212 (base 4) to base 13
-7b
-6144 (base 7) to base 13
-c87
Convert 36d0 (base 14) to base 8.
22566
284 (base 15) to base 16
23e
What is -204 (base 9) in base 11?
-141
Convert 1652 (base 11) to base 2.
100001000010
2404 (base 5) to base 16
162
-606 (base 14) to base 3
-1121210
1572 (base 13) to base 16
c3f
Convert -1bb3a (base 12) to base 9.
-62671
Convert -522 (base 10) to base 12.
-376
251151 (base 7) to base 5
2433142
1320330 (base 4) to base 12
4590
1113323 (base 4) to base 13
273b
What is -834 (base 11) in base 15?
-470
What is -11925 (base 10) in base 14?
-44bb
-55203 (base 6) to base 10
-7635
Convert -10010001010100 (base 2) to base 9.
-13673
1e4 (base 16) to base 5
3414
23158 (base 9) to base 13
704c
What is -10220 (base 3) in base 4?
-1221
Convert -37111 (base 8) to base 3.
-210212120
Convert 250310 (base 6) to base 4.
11122002
60324 (base 7) to base 12
8523
What is 25101 (base 6) in base 2?
111001111101
4311 (base 5) to base 11
489
Convert -2067 (base 13) to base 16.
-117f
221110 (base 3) to base 15
30c
What is -2 (base 5) in base 13?
-2
Convert -12a28 (base 12) to base 11.
-18311
-1521 (base 6) to base 16
-199
-2610 (base 8) to base 12
-9a0
What is 11175 (base 8) in base 13?
2201
43a1 (base 11) to base 16
16a6
-4590 (base 10) to base 7
-16245
Convert -7657 (base 14) to base 13.
-940c
-1128 (base 9) to base 7
-2303
-70 (base 15) to base 7
-210
What is -323254 (base 6) in base 4?
-12200302
-1093 (base 10) to base 6
-5021
1132310 (base 4) to base 16
17b4
11313 (base 5) to base 7
2300
Convert 263 (base 13) to base 3.
120112
Convert 9fc (base 16) to base 6.
15500
224042 (base 6) to base 10
19034
-21221 (base 3) to base 15
-e4
442a (base 14) to base 11
8956
Convert 1040 (base 7) to base 2.
101110011
Convert -e9 (base 15) to base 3.
-22010
160501 (base 7) to base 13
1141c
-6097 (base 15) to base 12
-b974
Convert -3778 (base 10) to base 5.
-110103
Convert -4717 (base 8) to base 14.
-cb5
What is 44042 (base 5) in base 3?
11010221
-12410 (base 8) to base 7
-21461
Convert 1545 (base 7) to base 5.
4441
What is -2200212 (base 4) in base 14?
-3a62
Convert -222223 (base 4) to base 12.
-16b7
Convert -7140 (base 9) to base 10.
-5220
What is -222020 (base 3) in base 2?
-1011000100
Convert 2221 (base 9) to base 10.
1639
Convert 10102100220 (base 3) to base 12.
32b73
-1365a (base 11) to base 8
-45741
152564 (base 7) to base 15
8c5e
-15643 (base 7) to base 11
-3378
572 (base 8) to base 13
231
-607 (base 16) to base 7
-4333
What is 23034 (base 5) in base 6?
11340
Convert 1023320 (base 4) to base 9.
6585
-13031 (base 4) to base 9
-562
Convert -5693 (base 14) to base 4.
-3222301
26d (base 14) to base 12
349
198 (base 12) to base 4
10010
Convert -110110110 (base 2) to base 5.
-3223
What is 3609 (base 13) in base 15?
23c9
What is 131000 (base 8) in base 9?
68451
bb (base 13) to base 8
232
-31220111 (base 4) to base 10
-55829
1535 (base 10) to base 12
a7b
Convert -47407 (base 8) to base 3.
-1000202022
What is 19654 (base 10) in base 13?
8c3b
What is -3252 (base 7) in base 12?
-810
460 (base 15) to base 16
3de
What is -1010110010000 (base 2) in base 4?
-1112100
Convert 336 (base 11) to base 8.
622
What is -210004 (base 7) in base 11?
-25075
Convert 1c1 (base 14) to base 8.
555
Convert -8886 (base 12) to base 11.
-10368
1305 (base 6) to base 5
2304
11e (base 16) to base 9
347
-51e4 (base 15) to base 9
-25667
Convert 9974 (base 12) to base 11.
117a7
Convert 221222022 (base 3) to base 11.
13254
Convert 103545 (base 9) to base 14.
1869c
What is -9ee (base 15) in base 7?
-6362
14203 (base 6) to base 5
32420
What is 27e0 (base 16) in base 10?
10208
-102220 (base 5) to base 16
-d6b
What is -221110 (base 3) in base 5?
-10222
443050 (base 6) to base 10
36966
-80 (base 9) to base 5
-242
14572 (base 13) to base 10
38287
What is -1141312 (base 6) in base 11?
-41049
120010111 (base 3) to base 10
11029
-432 (base 6) to base 7
-323
Convert -3446 (base 9) to base 4.
-213321
Convert -60643 (base 7) to base 13.
-6922
Convert -1445315 (base 6) to base 4.
-110202233
What is -216a (base 12) in base 9?
-5041
Convert -1000101101011 (base 2) to base 12.
-26b7
Convert -3202 (base 4) to base 12.
-16a
What is -2867 (base 10) in base 2?
-101100110011
-2979c (base 13) to base 16
-1317f
Convert 683 (base 9) to base 14.
2c1
Convert -106 (base 11) to base 16.
-7f
Convert 207 (base 10) to base 7.
414
3202200 (base 4) to base 13
67a1
Convert -1231410 (base 5) to base 14.
-8a4c
Convert -20488 (base 9) to base 12.
-79b2
What is -5076 (base 15) in base 8?
-41132
1114 (base 5) to base 6
423
What is 7866 (base 11) in base 7?
42124
5c0 (base 14) to base 3
1120112
22213010 (base 4) to base 14
11ba4
Convert 41275 (base 10) to base 2.
1010000100111011
Convert -7f (base 16) to base 7.
-241
Convert -313 (base 13) to base 6.
-2231
What is -2c71 (base 14) in base 8?
-17403
20d (base 15) to base 7
1231
What is -13c1 (base 13) in base 6?
-21125
What is -3332 (base 5) in base 4?
-13103
22503 (base 6) to base 16
c87
What is 91 (base 14) in base 12?
a7
Convert 156 (base 8) to base 10.
110
13035 (base 7) to base 9